 - 2*v + 694 = 0. What is the greatest common factor of 247 and l?
19
Let f be 3/((-4)/(-5 - 79)). Suppose 13*c - f*c = -450. What is the greatest common divisor of c and 18?
9
Let l(p) = p**3 - p**2 - 2*p + 659. Let g be l(0). Let a = g + -623. What is the greatest common divisor of a and 8?
4
Suppose 0 = 12012*x - 11928*x - 252. Let o be (30/(-4))/((-1)/2). What is the highest common divisor of x and o?
3
Let d(s) = -17*s**3 - 2*s**2 - s + 6. Let b = -46 + 42. Let m be d(b). Suppose -m = -8*r - 98. Calculate the greatest common divisor of 11 and r.
11
Let j = 4595 - 2742. What is the highest common divisor of 17 and j?
17
Let j(y) = 11*y - 25. Let m(p) = p - 15. Let f be m(9). Let r be j(f). Let o = r - -169. Calculate the greatest common divisor of o and 39.
39
Suppose -2*h = 3*h + 3*m - 47, 3*h - m = 31. Suppose 280 = 3*c + 40. What is the highest common factor of h and c?
10
Let x be (-200)/(-30)*(2 - (-42)/24). Let q be (-4)/((-12)/99) + -2. Let r = 19 + q. Calculate the greatest common factor of r and x.
25
Let y = 66 - 66. Suppose 5*l - a + 3*a - 177 = y, 5*l - 179 = -4*a. What is the highest common divisor of l and 70?
35
Suppose -3*d + 20 = x, -4*d + 135 = 5*x + 24. Suppose -f + 6 = -5*h - x, -3*h - 111 = -3*f. What is the greatest common factor of 195 and f?
39
Let h(o) = -212*o + 1760. Let q be h(8). Calculate the greatest common factor of q and 5984.
32
Let x be (-8)/(-4)*(-20)/(-4). Let n be (21/(-12))/(3*(-2)/48). Suppose 0 = -n*m + 18*m - 16. What is the highest common factor of x and m?
2
Let u be ((3 - -4) + (-5 - 0))/((-26)/(-8463)). Calculate the highest common divisor of u and 252.
21
Let i(g) = 78*g - 75. Let l be i(2). Let b = l - -66. Calculate the highest common divisor of b and 63.
21
Suppose -4*i - 41*j + 2243 = -42*j, 3*i = 2*j + 1681. What is the greatest common factor of 198 and i?
33
Let o be (-1)/(-2) - (-30)/12. Suppose 216 = -o*v + 4*v. Suppose 0*m - 8*m = -v. Calculate the greatest common factor of 216 and m.
27
Let m(g) = -11*g + 43. Suppose f - 5 = -3*b, 4*f + 6*b = 10*b + 4. Let u be m(f). Calculate the highest common divisor of 903 and u.
21
Let z = -91 + 175. Let k = -42 + z. What is the highest common divisor of k and 42?
42
Let v = 549 - 311. Let m = -474 - -508. Calculate the highest common divisor of v and m.
34
Let g(p) = p**3 - 4*p**2 - 7*p + 12. Let i be g(5). Suppose -i*n = -20 - 10. Suppose 0 = -n*f + 4*f + 352. Calculate the highest common divisor of 256 and f.
32
Let x(q) = -3*q**2 + 5 + 4*q + 21*q**2 - 1. Let n be x(-2). Suppose 0 = -4*i - 2*a - 0*a + 676, 5*i = 5*a + 860. Calculate the highest common factor of n and i.
34
Let q = -2197 - -4922. What is the greatest common divisor of q and 109?
109
Let g be 1/(1/(5 + 0)). Suppose 3626 - 5516 = -54*q. What is the greatest common factor of q and g?
5
Let z(j) = 13*j**3 - 1. Let q be z(1). Suppose -403 = 13*u + 5421. Let k = u - -454. What is the highest common factor of k and q?
6
Suppose 0 = 3*n + 2*z + 2*z + 29, -5*n + 2*z = 5. Let y be 6 + 8 + n - -1. Calculate the greatest common factor of y and 68.
4
Suppose t = -4*d + 62, 469*t = 465*t - 4*d + 200. Calculate the greatest common factor of t and 10258.
46
Let j = 9 + -1. Suppose 768 - 732 = 6*l. Suppose m + 2*s - 50 = l*s, -j = -2*s. What is the greatest common divisor of m and 44?
22
Suppose 5*x = -q + 1218, -4*q = 5*x - 2*x - 741. Calculate the greatest common factor of x and 423.
9
Let x(a) = 16*a**3 + a**2 - 31*a + 55. Let v be x(2). What is the highest common divisor of 39625 and v?
125
Suppose 0 = v - 1918 - 546 - 5348. Calculate the highest common divisor of 24 and v.
12
Let j(t) = -2*t**3 + 50*t**2 - 121*t + 1803. Let v be j(24). Calculate the greatest common divisor of 3451 and v.
17
Let c be 11/4 + ((-4)/(-7) - 481/364). Calculate the highest common divisor of 398 and c.
2
Suppose -40*g - 22 = -862. Suppose 29*d - g*d - 216 = 0. Let c(y) = -2*y + 1. Let j be c(-1). Calculate the greatest common divisor of j and d.
3
Let r = -9850 - -10002. What is the highest common factor of r and 10488?
152
Suppose 0 = -4*q + 34 - 2. Let z(h) = -h**3 - 5. Let d be z(3). Let w = d - -72. Calculate the highest common divisor of w and q.
8
Let k(f) = 152*f - 4. Let o be k(7). Let i = -450 + o. Suppose 0*d + 245 = 2*d - t, 0 = -5*d + 2*t + i. What is the highest common divisor of d and 15?
15
Let x(o) = 195*o - 778. Let n be x(4). What is the greatest common divisor of 93 and n?
1
Let d be 3 + -5 + 1/(1/4). Suppose 5*s + 99 = d*i, -3*i - s + 53 = -2*i. Calculate the greatest common divisor of 468 and i.
52
Suppose -83079 = -4*k + g, 27*k + 2*g - 83058 = 23*k. What is the greatest common factor of 177 and k?
59
Let i(t) = -t**3 - t + 84. Let r be i(0). Suppose 220 = 22*g - 0*g. Suppose 0 = g*y - r - 116. Calculate the greatest common factor of y and 30.
10
Let d be (105*(-16)/24)/(-3 + 1). Calculate the highest common divisor of d and 20.
5
Suppose 12*m + 28 = 13*m + 5*j, -m - 4*j + 27 = 0. What is the highest common divisor of 1081 and m?
23
Suppose -73*i + 7402 = -9571 - 4854. What is the greatest common divisor of i and 338?
13
Suppose 108*b + 176267 = 121*b. What is the highest common divisor of 149 and b?
149
Let k = 5683 + -5638. Suppose -329 = -4*g + 175. What is the highest common divisor of k and g?
9
Suppose c - r - 382 + 323 = 0, -4*r - 41 = -c. What is the greatest common factor of c and 11505?
65
Let i(k) = -k**2 + 15*k + 2881. Let j be i(31). Calculate the highest common divisor of j and 2915.
265
Let h = -55692 + 55832. Suppose 0 = -4*k + v + 1004, 2*k + 6*v - v - 524 = 0. Calculate the highest common divisor of k and h.
28
Let j(k) = -4*k - 3. Let l be j(-3). Suppose -l = 7*s + 47. Let q be 51/(-3)*(s - -1). What is the highest common factor of q and 17?
17
Let y(s) = s**2 - 8*s + 11. Let q be y(9). Let x be (-1)/5 + 524/q. Let t = x - 24. What is the highest common divisor of 22 and t?
2
Suppose 12 = 12*d - 48. Suppose -16*q = -4*q - 12. Let r be (q/3)/((-1)/(-6)). What is the highest common divisor of d and r?
1
Suppose 3*x = -3 + 6, 4*i = -3*x - 109. Let g be (-6)/2 + -1 - i. Let n be (-32)/10*((-55)/2)/11. What is the greatest common factor of n and g?
8
Suppose 0 = -n - 5*x + 3509, -4*n - 73*x + 13934 = -70*x. Calculate the greatest common divisor of n and 49.
49
Let a be (1 + 3)*(-39)/(-4). Let n = a + -3. Suppose 425*q - 4598 - 502 = 0. Calculate the highest common factor of q and n.
12
Suppose 15*l - 63 = 87. Suppose l*x - 4*x - 1554 = 0. What is the highest common factor of x and 74?
37
Let b(r) = -r**3 + 7*r**2 + 53*r + 98. Let f be b(-2). What is the highest common factor of 4368 and f?
28
Let x(n) = -5*n - 6. Let u be x(15). Let k = 83 + u. Suppose -5*a - 35 = -2*g + 25, -k*a = -g + 28. Calculate the highest common divisor of 4 and g.
4
Let s(x) = -x**3 - 10*x**2 + 19*x - 55. Let i be s(-12). Calculate the greatest common factor of 5585 and i.
5
Let p(n) = -3*n + 20. Let g be p(6). Suppose 0 = 5*l + 5*z - 30, 6*z - 14 = -2*l + g*z. Suppose -l*j + 94 = 29. What is the greatest common factor of j and 52?
13
Let g be ((-6)/(-39))/(1/13). Suppose -o = -2*o - 2*l + 278, 3*o = -g*l + 830. What is the highest common factor of 12 and o?
12
Let w = 220 + -78. Suppose w = 3*x - 326. Calculate the greatest common factor of x and 24.
12
Suppose 4*y + 4*j = 32, 5*y = 4*j + 24 - 2. Suppose -5*f - n = -537, y*f - 4*n - 444 = 2*f. What is the greatest common factor of f and 9?
9
Let o be 809 - 36/8*(-8)/(-36). What is the greatest common factor of o and 8?
8
Suppose -366*t + 373*t + 3409 = 0. Let u = t - -493. Calculate the greatest common divisor of u and 33.
3
Suppose -x + 27 = 8*x. Suppose -19*s + 21*s = 96. Let t be s - (4 - x - 4). Calculate the greatest common divisor of 34 and t.
17
Suppose 111*y - 1799 = -4*f + 110*y, 0 = 4*f + 2*y - 1794. Calculate the highest common divisor of 82 and f.
41
Let k = -52 + 54. Suppose s - 6*s - p = -5, -5*p = -4*s + 4. Suppose -9*b = -19 + s. Calculate the greatest common divisor of k and b.
2
Let u be (-3)/(-2) - (-2050)/20. Let l(m) = -m**2 - 108*m - 2536. Let k be l(-50). What is the greatest common factor of k and u?
52
Let d be -518*(-23)/((-805)/(-120)). What is the greatest common divisor of d and 740?
148
Suppose 4*t = -0*t + 4*n + 620